11 - -12)?
5
What is the value of 1 - ((18 - 7) + -37)?
27
What is the value of (-20 - -20) + -2 + 16?
14
(-3 - -9 - 4) + (5 - 5 - 15)
-13
What is the value of (26 + -33 - -4) + 1 + (-1 - -5)?
2
What is 10 + 0 - (-676 - -674)?
12
Evaluate 0 - (-5 + 4) - (1 - 14).
14
What is (1 - (5 + -6 + 3)) + -6?
-7
What is -13 - (-15 + (24 - 12))?
-10
(-14 - (-11 - (-4 - 0 - 1))) + -3
-11
2 + -36 + (-111 - -144)
-1
Evaluate -5 - (13 + (8 - (6 + 5)) - 16).
1
What is (-35 - -37) + -12 + 4?
-6
What is the value of 2 + ((-14 - (-2 - 9)) + 10 - 8)?
1
Calculate 39 - (130 + -68) - (2 - 7).
-18
What is the value of 11 + (11 + -30 + 9 - -15)?
16
(-11 - (-44 - -14)) + -9 + (1 - 1)
10
(7 - -6 - 5) + -26 + -2 + 5
-15
Evaluate -11 - -2 - ((12 - 20) + 8 - 2).
-7
What is the value of 69 + -68 + 6 + 1?
8
What is the value of 8 + (-2 - (102 + -125 + 0 + -4))?
33
Calculate 2 + (-3 - -7) + -6 + 2 + -6.
-4
What is the value of 4 + 14 + 11 + -36 + 14?
7
What is the value of 14 + (-10 - (3 - -24)) + 0 + 6?
-17
What is the value of 1 + (-7 - (-8 + 7 + 9))?
-14
What is the value of (11 - (12 - 12) - 16) + 1 + 6?
2
What is the value of (-1 - 40) + 3320 + -3311?
-32
What is the value of (2 - 9) + 41 + 14 + -45?
3
Evaluate -19 - -4 - (59 + -67).
-7
What is the value of -1 + -6 + (7 - (-7 - (7 + -14)))?
0
Evaluate (-15 - 10 - -11) + 35.
21
Calculate -22 + 45 + 15 + -43.
-5
What is the value of 18 + 1 + (-2 - 3)?
14
What is -20 + 0 + (8 - (6 + -11))?
-7
What is the value of -6 + 6 + (-4 - (-3 + 3 + -1))?
-3
Evaluate 0 + (3 - 5) + 10 + (2 - 2).
8
What is the value of -51 + 1 - (56 - 71) - -13?
-22
What is the value of (-8 + 3 + 8 - -1 - -5) + -39?
-30
Evaluate 1 + -6 + -3 - (-10 + 5).
-3
What is the value of 3 - ((-17 - -12) + (1 - (-1 - 3)))?
3
-9 - (7 - (-5 + -4)) - -4
-21
What is -25 - -1 - (-12 - (-12 + -6 + 14))?
-16
What is the value of -17 + 14 + 38 + -27?
8
(-19 - -22) + 29 + (-6 - (-2 + -2))
30
Calculate 41 + -82 - (-6 + -19).
-16
Calculate 5 + -11 + (0 - 1) + 35 + -32.
-4
What is the value of (1 - 6) + 1 - (13 - (7 - 0))?
-10
What is the value of -3 - 9 - (0 - (-9 + 10))?
-11
Evaluate 1 + -6 + 2 + 6 - (-9 - -13).
-1
What is -10 + 9 + 18 + -19?
-2
What is the value of -5 - (26 + 10 + -22)?
-19
What is the value of -37 - ((-114 - -111) + (-7 - (-1 - -1)))?
-27
Calculate 30 + -17 + 19 + 13 + -20.
25
5 + (-17 - -11) - (12 + -10)
-3
What is (4 - (-6 - -5)) + -1 + -9?
-5
(48 - -2) + (70 + -28 - 60)
32
What is the value of (-3 - -14) + -46 + 21?
-14
What is 16 + -11 + -7 + 4 + 7 + -4?
5
Evaluate (-8 - -4) + (27 - (-26 - -53)).
-4
-116 - -39 - -27 - -21
-29
What is the value of -12 - (15 - 9) - -10?
-8
What is the value of -8 - (-9 - (-4 + -6) - 5)?
-4
What is the value of 8 - -2 - (185 - 199)?
24
What is 5 - (-4 - (0 - ((3 - 0) + 17)))?
-11
What is the value of 28 - (-45 - -27 - -35)?
11
Evaluate (-7 - -15 - 1) + 6.
13
4 - (-3 + 5 + (-1 - (2 - 10)))
-5
What is the value of 36 - (38 + -30 + 7)?
21
Evaluate 0 - 1 - 18 - (-7 + 11 - 12).
-11
What is the value of -2 - -2 - (1 - 0) - (74 + -72)?
-3
Evaluate -21 - (4 + -5 + (-9 - -4) + 11).
-26
Evaluate -2 + (1 - 16) - -5 - (6 + -9).
-9
What is 4 - -5 - (67 - 64)?
6
What is the value of 11 + -15 + 9 + (-5 - 15)?
-15
What is the value of (3 - 15 - -4 - -1) + -8 + 8?
-7
What is (-1 - 4) + (10 - (36 + -23))?
-8
What is the value of 9 + (-9 - 2) + 11?
9
19 + (-1 - 10) + 11 + -9
10
-5 + -2 + -5 + (2 - -1) + -4
-13
What is 19 - 3 - ((-30 - -8) + 12 - -7)?
19
What is the value of -261 + 247 - (-4 - -1)?
-11
Calculate -1 - (-10 + 2) - (15 - 2).
-6
Evaluate 8 + (-16 - -23) + -28 + 16.
3
Evaluate -1 - ((6 - 15) + -1 + 3).
6
Evaluate (29 - 31) + -2 + 0 + 13.
9
1 + 12 + 8 + -11 + -8
2
What is the value of 9 + -2 + (-3 - (11 - 1))?
-6
What is 7 - (17 - ((-11 - 10) + -1))?
-32
What is the value of 5 + -4 + 4 + -1 + -3 + 7?
8
What is the value of 8 - (-3 + -13 + 13 - 2)?
13
Evaluate -133 + 134 + (-4 - (3 + -2)) + 21.
17
Evaluate (-6 + 19 - 4) + -10 + 3.
2
-13 + 1 + (-9 - -41)
20
Calculate (-11 - 5) + 8 + -18 + -6.
-32
What is 2 - (-9 - (-10 - 6)) - 9?
-14
What is (28 - (1 - (-1 - 1))) + (197 - 207)?
15
Evaluate (-4 - (0 + -9)) + -2 + 0 + -4.
-1
Calculate 12 + (-28 - (-7 - -1)) - (0 - 20).
10
What is the value of (6 + 4 - -1) + -6?
5
What is the value of 5 + -3 + (2 - (-3 + -2)) - 8?
1
1 + (21 - 9 - 8 - -10)
15
Evaluate (-15 - -8 - 13) + (2 + -4 - -8).
-14
What is the value of 30 + -50 + 10 - (-2 + 1)?
-9
What is the value of 21 + -25 + -10 + 8?
-6
What is -8 - 1 - ((7 - (0 + 19)) + 11)?
-8
Calculate (29 - 5) + 148 + -157.
15
What is 2 + -1 + (3 - -1 - 6) + -8?
-9
13 - (41 + 3) - -13
-18
Evaluate (4 - -1 - -20) + -57.
-32
(-21 - -46) + -6 + 1
20
What is the value of 30 - 2 - (279 + -276)?
25
What is 2 + (-2 - (-5 - -4) - -11)?
12
What is the value of -18 + (7 - (-4 + 3)) - (0 + 1)?
-11
What is -24 - ((9 - (21 + -6)) + -9 + 12)?
-21
What is the value of (-8 - (-11 - -6)) + (4 - -3)?
4
Evaluate -6 - (8 + -20 + -3).
9
Evaluate -68 - -56 - (3 + -4 + 1 - -2).
-14
(0 - -3 - (12 + -1 + 2)) + -6
-16
Evaluate (-10 - (9 + -3) - 1) + -4 + 11.
-10
What is the value of -409 + 377 + (2 - -58)?
28
What is the value of 12 - (-18 - (8 - (-13 - -35)))?
16
Calculate 186 + -147 + -1 + -2 + -5.
31
What is 14 - (13 - 9 - 5)?
15
What is -6 + -3 + (20 - 10) - (4 + 2)?
-5
What is 178 + -183 - (-3 + -23)?
21
(5 - ((5 - 1) + -5)) + -4 - -15
17
What is 0 + 16 + (9 - (-1 + 11 + 4))?
11
What is the value of -108 + 97 + (2 - (-3 + -2))?
-4
Evaluate (-118 - -103) + (1 + 28 - 1).
13
What is the value of 9 - 19 - (15 - (7 - 0) - 16)?
-2
What is -7 - (3 + 6) - (10 + -6 + 2)?
-22
Evaluate -4 + (-24 - (-6 - (-1 + -5 + -5))).
-33
What is the value of 4 - (15 + -15 + 4 - (3 + -1))?
2
Calculate 11 + 4 + -12 + -1 - -8.
10
(-16 - -8) + -4 - -15 - 1
2
What is the value of -9 - (-64 + 65 - (20 - 1))?
9
11 - (0 + 3) - -16 - 7
17
Calculate -1 + (-2 - (20 - 11 - (3 - 2))).
-11
0 + 4 - (793 - 801 - (-13 + 0))
-1
Calculate 0 + (8 - 0 - 23 - 1).
-16
Evaluate -10 + (4 - 8 - -5).
-9
-11 + (2 - -6) + 2 + -6
-7
Calculate 14 + (-4 - (28 + -14)).
-4
Evaluate -8 - (-24 - -10) - 1.
5
Calculate (-2 - (-27 - -10)) + -19.
-4
Calculate 2 + (-14 - -5) - (9 - (4 + 9)).
-3
What is the value of -568 + 534 - (-10 + 2)?
-26
Evaluate 3 + (74 + -86 - (1 - 7)).
-3
(37 - 41) + (-2 - -6) - 3
-3
14 - (26 - (2 + (1 - -6)))
-3
What is the value of -34 + -4 + -1 + 24?
-15
8 + (-7 + (2 - 6) - -4)
1
Calculate 12 - ((4 - (-1 + 11)) + 10).
8
Calculate 0 - (9 + (12 - (29 - 10))).
-2
-1 - (-8 + 1) - (4 - (-12 + 3))
-7
Evaluate 24 + 3 + (2 + -2 - 17) + 9.
19
-31 - (27 + -20 + -47)
9
Evaluate -1 + (15 - -4) - (-6 + 10).
14
Calculate 27 + -21 + (-30 - 5).
-29
(-4 - (-15 + 24)) + 20
7
-5 - (3 + -7 + -1 + -34 + 41)
-7
-2 + (20 - 0 - 6)
12
Calculate (8 - 1 - (-194 - -206)) + 12.
7
Calculate -13 + -1 + (22 - 17).
-9
Calculate -9 + 10 + (-5 - (-13 + 2 + -1)).
8
What is the value of -28 + (-2 - -14 - -12)?
-4
Calculate 40 + -9 - (-12 + (7 - -3) + -1).
34
What is the value of 6 + -2 - (-23 + 41 + -12)?
-2
Calculate 22 + 2 + (1 + 3 - -9).
37
What is -4 + 13 - (26 + -14 - -11)?
-14
What is the value of 5 - -1 - (28 - 25 - 6)?
9
Calculate -1 - (13 + (4 - 6) + -5).
-7
What is -2 - (-38 + 9) - (-7 + 4 - -7)?
23
(-9 - 12) + -9 + 10 + -14
-34
Evaluate 2 + 11 - (-139 + 131).
21
What is 16 + 2 - (33 + (-31 - 8))?
24
-2 - 9 - (-91 - -79)
1
What is the value of -23 + 49 + -32 + 18?
12
-33 - (3 + -49 + -8)
21
Evaluate (14 + -4 - -8) + -15.
3
-26 + -24 + (77 - 22)
5
Calculate 15 + -3 + -12 + 0 + 11.
11
Evaluate (3 - 0 - -1) + 38 + -43.
-1
What is the value of 18 + 9 - (-16 - -19 - 2)?
26
What is (48 + -48 - (8 + -3 + -2)) + 5?
2
Evaluate (19 - -1) + (-10 - 25).
-15
What is the value of -11 + 0 - (-30 - -5 - -1)?
13
Calculate -15 + 3 + (5 - 6) + -5.
-18
Evaluate -3 + 1 + (167 - 172).
-7
What is the value of -32 - 2 - -19 - -1?
-14
Calculate (-23 - (24 - 30)) + 9.
-8
-14 - (-2 + -12 + 7)
-7
Calculate 13 + -7 + -20 + 6.
-8
What is 34 - (18 + 17 - -22)?
-23
What is -7 + 4 - (-13 - -5) - -1?
6
What is the value of -2 + (-21 - 3) + 13?
-13
Calculate -2285 - -2262 - (-1 - -2).
-24
Calculate -26 - (8 - (22 + -18) - 2).
-28
-25 - (-30 - (16 - 38))
-17
Evaluate (1 - 6) + 125 + -132.
-12
Calculate (2 - 9) + -6 + (4 - (2 - 0)).
-11
Calculate (12 - 7) + 3 - (1 + -5).
